 - 6 = 0, -7 - 7 = -2*m + 4*z. Suppose -3*n + m - 1 = 0. Suppose n = 2*l, -l - 48 = -4*p - 3*l. What are the prime factors of p?
11
Suppose -4*l + 862 = -2*i, l + 2*i - 4*i - 214 = 0. List the prime factors of l.
2, 3
Let i(n) = 3 + n**2 - 2 + 1 - 2*n**2. List the prime factors of i(0).
2
Suppose -2*t = 4*u - 172, u - 2*u = -2*t + 157. Suppose -3*j + 27 = 2*z, 7*j - 2*j - t = -5*z. What are the prime factors of z?
3, 7
Let b(q) = -q**3 + 10*q**2 + 6*q + 41. List the prime factors of b(9).
2, 11
Let v = 225 - 125. List the prime factors of v.
2, 5
Let s(a) = a**3 - a + 2. Let d be s(0). What are the prime factors of (0 - 5)/(d/(-2))?
5
Let r(l) = -18*l - 7. List the prime factors of r(-1).
11
Let i(y) = -y - 5. Let q be i(-7). Let g be (-17)/(-5) - 4/10. Suppose -q*o + 2*m - 5 = -31, 2*m = -g*o + 19. List the prime factors of o.
3
Let n(s) = s**2 + s - 7. Let d be n(0). Let z be 2/(-7) + (-23)/d. Suppose -k + 6*k - 30 = 5*x, -5*k + 46 = z*x. List the prime factors of k.
2
Suppose -4*s = -3*s - 12. Suppose 0 = n + 3*n - s, 3*c = 3*n - 3. What are the prime factors of c?
2
Suppose -p - g + 19 = 2*p, 5*g + 19 = 4*p. Suppose 2*d = 2*j, -2*d + 14 + p = 3*j. Suppose -j*l + 0*a = 2*a - 28, 3*a = -l + 12. List the prime factors of l.
2, 3
Let o(t) = -t**2 - 13*t + 9. What are the prime factors of o(-13)?
3
Suppose -6*b + b = 90. Let t = -10 - b. What are the prime factors of t?
2
Suppose 0 = -o - 4*o + 840. Suppose 5*u - o = u. What are the prime factors of u?
2, 3, 7
Let g = 1 + 0. Suppose -1 = -n + g. Suppose -n*h + 44 = 2*h. List the prime factors of h.
11
Let n(h) = h**2 - 17*h + 94. List the prime factors of n(27).
2, 7, 13
Suppose -2*j = j. Let p be 0 + j - (-2 - 0). Suppose -3*v = p*v - 25. What are the prime factors of v?
5
Let n = 54 + 17. List the prime factors of n.
71
Let j(u) = -u**2 - 10*u - 12. Let y be j(-10). What are the prime factors of 4/4*2 - y?
2, 7
Let i = 22 + 70. What are the prime factors of i?
2, 23
Suppose -4*r = -u - 20, 0 = -4*r + 3*u - 5*u + 8. Suppose 0 = 5*i + 5*l + 15, 0 = 2*l - r*l + 2. What are the prime factors of i/6*54/(-4)?
3
Let p(o) = o**3 + 5*o**2 + 4*o + 4. Suppose 3*j = -2*b - 17, 2*b = j - 9 - 4. Let f = -11 - b. What are the prime factors of p(f)?
2
Let v(g) = g**3 + 2*g**2 - 6*g + 6. What are the prime factors of v(3)?
3, 11
Suppose -53 = -5*c - 183. Let y = c + 51. What are the prime factors of y?
5
Let s(c) = c**2 - c - 1. Let u(y) = 7*y**2 - 16*y + 1. Let m(w) = -6*s(w) + u(w). Let g be m(6). Let n = g + 26. What are the prime factors of n?
3
Suppose -n + 22 = -0. Let m be (-4)/n + 20/(-11). What are the prime factors of m + (15 - (-3)/(-1))?
2, 5
Suppose -q = -2*q + 1. List the prime factors of 6 - -5 - q/1.
2, 5
Suppose 13*q + 152 = 17*q. What are the prime factors of q?
2, 19
Let d = -3 - -7. Suppose -5*v + 2*z = -46, d*z = -5*v - z + 25. What are the prime factors of v?
2
Let k(v) = v**3 - 7*v**2 + 14*v - 12. Let g be k(9). List the prime factors of g/18 - 2/(-3).
2
Let v = 23 + -7. List the prime factors of 4/v - (-51)/4.
13
Let m(x) = -3*x + 5 + 7 + 2. Let t(s) = 2*s - 9. Let o(r) = 5*m(r) + 8*t(r). List the prime factors of o(8).
2, 3
Let k(h) be the first derivative of h**5/60 + h**4/12 + h**2/2 - 2. Let j(s) be the second derivative of k(s). What are the prime factors of j(2)?
2
Let m be (-6)/4*(-8)/6. Suppose 2*p + 57 = -5*c + 264, -c + 35 = m*p. What are the prime factors of c?
43
Suppose 2*b + 2*b = 12. Suppose -5*g + 3*f - 28 = b, 0 = -3*g + 4*f - 23. Let w(h) = -h**3 - 4*h**2 + 5*h + 5. List the prime factors of w(g).
5
Suppose 2*n + 4 = -0*n. List the prime factors of (n/6)/((-2)/42).
7
List the prime factors of 202/(1/(-4)*(-13 + 9)).
2, 101
Suppose -2*g + 16 + 72 = 0. Suppose -5*d + g = -m - 16, -20 = -4*m. What are the prime factors of d?
13
Let v(k) = -k**3 - k**2. Let f be v(2). What are the prime factors of (-366)/f + (-2)/4?
2, 3, 5
Let s(t) = t**3 + 14*t**2 + t + 16. What are the prime factors of s(-14)?
2
Suppose 0 = 5*g - 21 + 6. Suppose c - 78 = -2*c. Suppose g*p = p + c. What are the prime factors of p?
13
Suppose -3*o + 85 = -2*b, -96 = -3*o - b - 8. Let f be 4*(-1 + 1*-2). Let k = f + o. What are the prime factors of k?
17
Suppose -4*s - 2*m = -5 - 5, -19 = -5*s + 4*m. Suppose 2*k + 0*k + s*a = 41, -3*a = 15. What are the prime factors of k?
2, 7
Let k be ((-4)/(-10))/(3/45). What are the prime factors of (-2)/(-12) - (-59)/k?
2, 5
What are the prime factors of 7*(3 + (2 - 3))?
2, 7
Let b = -14 - -21. What are the prime factors of b?
7
Let y be (-3)/2*70/15. Let v(s) = -s**3 - 8*s**2 - 8*s + 6. List the prime factors of v(y).
13
Let z = 7 + 0. Let w(y) = -3*y**3 + 9*y**2 + 2. Let x(s) = s**3 - s**2 + s - 1. Let d(l) = w(l) + 2*x(l). What are the prime factors of d(z)?
2, 7
Suppose -4*z + 9 - 1 = 0. Suppose 3*a + z*a = 200. List the prime factors of a.
2, 5
Let m = 3 + -2. Let j = m + 2. Suppose -31 = -4*z + 5*t, z + j*t = -3*z + 71. List the prime factors of z.
2, 7
Suppose -4*i - 5*h - 53 = 15, 4*i = 3*h - 36. List the prime factors of (-14)/(-3) + (-4)/i.
5
Let w = 45 - 28. What are the prime factors of w?
17
Let o = 23 + 27. What are the prime factors of o?
2, 5
Let p(t) = -t - 4*t + 2 + 0 - 2*t**2 + 4*t**2. What are the prime factors of p(4)?
2, 7
List the prime factors of 19/((-285)/(-3258)) - (-2)/(-10).
7, 31
Suppose -3*j = -i - i + 18, -2*j - 5 = i. Suppose i*p - 64 = -p - k, 25 = p - 2*k. List the prime factors of p.
17
Let r = -12 - 14. List the prime factors of ((-1)/(-1))/((-2)/r).
13
List the prime factors of (115 - 1)*(-10)/(-20).
3, 19
Suppose -2*d = d + 4*x - 4, -5*d + 4 = 4*x. Suppose -2*z + 56 = -d*z. Let b = z + -18. List the prime factors of b.
2, 5
Suppose q + 6 = 3*x - 2*q, -5*x - 2*q + 3 = 0. Suppose r = -4*r + 5. Let j = x + r. List the prime factors of j.
2
Let x be 102/1*(-8 - -7). What are the prime factors of -3 - (-1 + x/2)?
7
Let x(v) = v**3 + 4*v**2 + v - 2. Let y be x(-3). Suppose -y*d + 72 = 12. What are the prime factors of d?
3, 5
Suppose 4*b + 5*s = -23, 0*b + 4*b - 3*s = 1. Let g = b - -3. Let w = g + 1. What are the prime factors of w?
2
Let t = -8 + 26. What are the prime factors of t?
2, 3
Let x = -30 + 85. What are the prime factors of x?
5, 11
Let d be 18*-6*2/(-2). Suppose -d + 8 = -5*f. What are the prime factors of f?
2, 5
Let p(b) = -b**3 + 6*b**2 - 7*b + 7. Let g be p(5). Let v be (2/(-4))/(1/(-12)). What are the prime factors of (10/g)/((-2)/v)?
2, 5
Suppose -18*n + 10*n = -504. What are the prime factors of n?
3, 7
Suppose 54 = v + 2. Suppose x + x = v. List the prime factors of x.
2, 13
Let g be -60 - ((6 - 1) + -2). What are the prime factors of (-20)/7*g/18?
2, 5
Suppose -22 = 4*l - 62. Suppose 0 = -v - 2*o + 9, 4*o = v + 5*o - l. What are the prime factors of v?
11
Let h = 107 + -67. What are the prime factors of h?
2, 5
Suppose 2*z = -z - 87. Let l = 84 + z. Suppose 3*q - 3*r = -r + 55, -5*q + l = 4*r. List the prime factors of q.
3, 5
Suppose 4*z + 4 = -12. Let q(g) = -5*g + 4*g**2 + 4*g + 0*g + 2 + g**3. List the prime factors of q(z).
2, 3
Let b = 33 + -19. Let k = b + 4. What are the prime factors of k?
2, 3
Suppose 0 = -0*u - 4*u + 140. Suppose -28 = -4*h + 3*d - 0, -d - u = -5*h. Suppose 4*g - 37 = h. What are the prime factors of g?
11
Let b be (-317)/(-11) + 14/77. Let c = 33 - 16. Let d = b - c. List the prime factors of d.
2, 3
Let d be 763/9 + (-18)/(-81). Suppose -5*u + d = -110. List the prime factors of u.
3, 13
Let b(r) = -r**3 + 3*r**2 - r + 1. Let w be b(2). Let p(q) = -2*q**3 - 5*q + q**3 - 7*q**2 - 10 + 2*q**w. What are the prime factors of p(8)?
2, 7
Suppose 5*r + l = -3*l + 39, -2*r + 2*l + 12 = 0. Suppose 0 = -r*u + 3*u + 8. List the prime factors of 21/u + (-1)/(-2).
11
Let b be 53*(-2 + 4/4). Let o = b + 82. What are the prime factors of o?
29
Let i = -32 - -59. What are the prime factors of i?
3
Let v(a) = -a**3 + 8*a**2 + 12*a + 9. List the prime factors of v(9).
2, 3
Let x = -4 + 7. Let g(t) = t**3 - 3*t**2 + t - 1. List the prime factors of g(x).
2
Suppose 0*w = 5*w, w = -v + 142. List the prime factors of v.
2, 71
Let c(u) be the second derivative of u**3/3 - 2*u**2 + u. List the prime factors of c(6).
2
Let g = -10 - -12. What are the prime factors of (-2249)/(-65) - g/(-5)?
5, 7
Let u 